) + 3*j/(-6)?
8
Let s be -4*2/28 + 32/14. Let f = -2 - s. What is the hundreds digit of (37*f - -1)*-1?
1
Let y(v) = -13*v - 3. Let i be y(1). Let p be i/(-56)*2/(6/21). What is the tens digit of (9/p)/((-4)/(-104))?
1
Let o = 0 + 0. Let w(g) = 96*g - 510. Let q be w(6). Let s = o + q. What is the units digit of s?
6
Let u(v) = v**3 + 31*v**2 - 34*v + 66. Let j be u(-32). Let s = 310 - j. What is the hundreds digit of s?
1
Suppose -3*r - 4*x + 37 = 0, -2*r - r + 3*x + 51 = 0. Suppose -j = 2*q - 6, -5*q + j - 4*j + r = 0. Suppose -1 - q = -g. What is the units digit of g?
4
Let x be -2*(-15)/(-12) + (-30)/(-4). Suppose 0 = a - x*t - 18, -4*a + 2*t = 3*t - 93. What is the tens digit of a?
2
Let f be (-3)/(6/2) + -158. Let d be 2 - 12/4 - (90 - 1). Let k = d - f. What is the tens digit of k?
6
Suppose -r + 3*r + 5 = -b, 2*b + 3 = 3*r. Let s be 0 + 3/((-3)/r). What is the units digit of 12 + 6*s/2?
5
Suppose 4*u + 4*a - 3 = 5, -4*u - 2*a = -12. Suppose -2*q = 4*n - 1764, 4*n - u*q - 1750 = q. What is the hundreds digit of n?
4
Suppose 0*x - 108 = -9*x. Suppose 18*t - 30 = x*t. Suppose -t*g = 259 - 1144. What is the tens digit of g?
7
Let g = 1023 - -241. What is the units digit of g?
4
Let n be 3/(-15)*-5 - -290. Suppose 14*d = 17 + n. What is the units digit of d?
2
What is the thousands digit of 1*43813/2*6/315*30?
2
Let g = 3033 - 2148. Suppose 222 = -3*s + g. What is the hundreds digit of s?
2
Let y = 12954 + 21716. What is the tens digit of y?
7
Suppose -5*m = -42*m + 6993. What is the units digit of m?
9
Suppose -n = -c, -4*c = -3*c + 5*n - 6. What is the tens digit of (-207)/(-12) + c/(-4)?
1
Suppose -74 = -25*x + 51. Suppose x*k - 5*b = 1530, -3*k + 918 = -b + 5*b. What is the hundreds digit of k?
3
Let n(x) = 48*x - 15. Let f be n(23). Let r = f - 560. What is the tens digit of r?
2
What is the units digit of (-16)/32 + 4/(-2) - (-307740)/40?
1
Suppose 23 + 13 = -5*u - 4*k, 2*u + 20 = -3*k. Let m be (-2)/(-4) + 898*(-1)/u. Suppose 5*d = -2*g + 164, -2*d - d - m = -3*g. What is the tens digit of g?
7
What is the thousands digit of 358*((-132)/8)/(6/(-8))?
7
Let z(j) = 54*j - 84. Let h be (4 - 6/4)*(-8)/(-5). What is the tens digit of z(h)?
3
Let f be ((-822)/4)/(96/128). Let w = -68 - f. Suppose t + w = 250. What is the tens digit of t?
4
Suppose -5*z + 720 = -1365. Suppose -z = -5*c - 7. What is the units digit of c?
2
What is the hundreds digit of ((-46)/115*(-30)/24)/((-1)/(-35738))?
8
Let l(m) = -2*m + 26. Let h(i) = -i**3 + 3*i**2 + 4*i - 1. Let o be h(3). Let t be l(o). Suppose 5*b + t - 309 = 0. What is the units digit of b?
1
Suppose -48*o = -338125 - 372083. What is the tens digit of o?
9
Let x be (5/2*-1)/((-33)/66). Suppose -2*g + 5*t - 1273 = -x*g, 842 = 2*g + 5*t. What is the hundreds digit of g?
4
Let o be (-29184 + -1)*(6 - (-1632)/(-40)). What is the tens digit of (-2)/(-17) + o/663?
3
Let x(t) = -t**3 - 8*t**2 - t + 22. Let g be x(-7). Let r = 25 + g. Let l = 25 - r. What is the units digit of l?
0
Let g(b) = -b**3 - b + 2. Let q be g(0). Let d(a) = 6*a - 12*a**q - 16 - a**3 - 16 + 8*a**2. What is the units digit of d(-8)?
6
Suppose b - 20831 = -3*g + 2446, -4*g - 4*b = -31028. What is the thousands digit of g?
7
Suppose 3*f - 33 = f - r, -5*r = -f + 22. Suppose -59 = i + f. Let n = i + 163. What is the units digit of n?
7
Let a(x) be the third derivative of -5*x**4/24 - x**3/2 - 8*x**2. Let l be a(-1). Suppose l*w = 110 + 26. What is the units digit of w?
8
Suppose 4*s - 6*s = 0. Let j(l) be the third derivative of -l**5/60 + l**4/12 + 97*l**3/6 - 10*l**2. What is the units digit of j(s)?
7
Let v(h) = -72*h - 17. Let p(x) = x**3 - 4*x**2 + 3*x - 6. Let z be p(3). What is the hundreds digit of v(z)?
4
Suppose -2*q + p + 1542 = -q, -2*p = 2*q - 3064. Let n = 2608 - q. What is the units digit of n?
1
Suppose 15*o = 28*o - 9815. Suppose 4*q - 797 = o. What is the units digit of q?
8
Suppose -13*x - 2685 = 500. Let d = 418 + x. What is the units digit of d?
3
Suppose -37244 = -16*z + 12916. Suppose 15*g - z = 10*g. What is the units digit of g?
7
Let w be 1*(-1)/((-2)/(-2)). Suppose 14*z - 31*z = -17646. What is the tens digit of (z/(-6))/(0 + w)?
7
Let c = 276 + -90. Suppose t + 483 = 5*p, 0 = 5*p - 3*p + 2*t - c. Suppose 0 = -4*n + 152 + p. What is the units digit of n?
2
Let x = -31435 - -53556. What is the hundreds digit of x?
1
Suppose 22*t - 225708 = -6*t. What is the thousands digit of t?
8
Let m(b) be the first derivative of b**3 - 9*b**2/2 - 25*b - 1. What is the hundreds digit of m(-10)?
3
Let l(z) = 3*z - z**3 + 2*z + 7*z**2 + 5*z + 1. Let f be l(8). Suppose 10*j + f - 57 = 0. What is the units digit of j?
4
Suppose -t - 4*p = -2936, 2*t + 2*p - 17 = 5867. What is the units digit of t?
4
What is the hundreds digit of (1 - -2 - 27/6)/(21/(-114548))?
1
Suppose -h + 5*h = 8. Suppose -2*c - 2*w = -44, -h*w - 51 = -3*c + 20. Suppose -3*k = 3*m - 2*m - c, -2*m + 2*k = -30. What is the units digit of m?
7
Let n(c) be the first derivative of 2*c**3/3 - 19*c**2/2 + 11*c - 98. What is the units digit of n(18)?
7
Suppose 5*a - 2*n - 7568 = 33887, n - 33151 = -4*a. What is the thousands digit of a?
8
Let v be ((-1)/(-2))/((-31)/682). Let i(l) = -24*l - 28 - l**2 + 8*l + 0. What is the units digit of i(v)?
7
Suppose -10586*v = -10630*v + 27720. What is the hundreds digit of v?
6
What is the units digit of (-6 - (3 + (2 - 3))) + 3535?
7
Let y(j) = -j**3 + 8*j**2 + 9*j + 4. Let m = -30 + 39. Let d be y(m). Suppose 3*z - 3*t = 27, 0 = -0*z - d*z - 4*t + 60. What is the tens digit of z?
1
Suppose -7*m + 58689 = -56117 + 23617. What is the ten thousands digit of m?
1
Let u(g) = 2*g**2 + 86*g - 1492. What is the thousands digit of u(-111)?
3
Let o(d) = -d**3 - 5*d**2 - 11*d + 49371. What is the units digit of o(0)?
1
Let x = 33829 + -17320. What is the thousands digit of x?
6
Let r = 20 - 21. What is the units digit of (2170/15)/(r/(6/(-4)))?
7
Let x = 3334 + 18518. What is the ten thousands digit of x?
2
Suppose 2*j + 2*b = 10, -2*j + 2*b - 7*b + 19 = 0. Let w be 16/6*-1*j*3. Let o = 79 - w. What is the units digit of o?
5
Suppose l - 4 = 1. Let k(g) = 6*g**2 - 7*g - 5. Let n(i) = -5*i**2 + 6*i + 6. Let b(p) = -4*k(p) - 5*n(p). What is the units digit of b(l)?
5
Suppose -8 = 4*c, 0 = -5*u + 72*c - 71*c + 170967. What is the ten thousands digit of u?
3
Suppose 5*s = -20, -4*n - 3*s = -0*s - 828. Let i = n - 92. What is the tens digit of i?
1
Let m(o) = -7*o**3 + 5*o**2 + 55*o + 354. What is the hundreds digit of m(-16)?
4
Suppose -5*g + 4*s = -33, -2*g + 5*s + 18 = s. Suppose -g*o = -9*o + 12. What is the tens digit of o/(10 - 4) + (-57)/(-2)?
2
Let i be (-70)/(-40) + 1/4. Let r be (-36)/162 + i/9. Let f(p) = 2*p + 24. What is the units digit of f(r)?
4
Suppose 0 = 35*u - 61749 - 8881. What is the units digit of u?
8
Suppose -63946 + 3897526 = 223*y - 8217117. What is the tens digit of y?
3
Let o be (-14)/(-49) + (-219)/7. Let u = o + 33. Suppose 5*r - 932 = -4*h, -4*r = -2*h - u*h - 760. What is the hundreds digit of r?
1
Let c(t) = -72 - 83*t + 8 - 4 - 38*t - 100*t + 5*t**2. What is the hundreds digit of c(46)?
3
Suppose -u - 17 = -4*o, 2*o - 2 = -5*u + 1. Let z(f) = -356*f**3 + 5*f + 3. What is the hundreds digit of z(u)?
3
Let l be ((-30)/(-4) + (2 - 8))*12. What is the thousands digit of (l - -1102) + 2 + -3 + 2?
1
Suppose 8 = c + 7, 0 = 2*s + 5*c + 7. Let b(y) = -6 - y**3 + 4 - 18*y + 9*y - 7*y**2. What is the tens digit of b(s)?
1
Suppose 33*u + 93 = 27. What is the hundreds digit of (-459 - -3)/u - -1?
2
Suppose -s - 4*s + 116923 = -2*l, -8*s + 5*l = -187075. What is the hundreds digit of s?
3
Let i(c) = 4*c**2 + 27*c - 3. Let h be i(3). Suppose 120*n - 3096 = h*n. What is the tens digit of n?
1
Suppose -18*f = -370172 - 472471 - 479637. What is the thousands digit of f?
3
What is the tens digit of ((-3)/3)/(((-69)/37628)/((-12)/(-8)))?
1
Suppose -2*f + 6*i - 2*i - 448 = 0, -3*i = 3*f + 645. Let u = 425 + f. Suppose -7*t + u + 73 = 0. What is the units digit of t?
0
Let k(c) = -967*c - 10. Let y be k(-2). Suppose -i = -0*w - 2*w + 484, 4*i + y = 2*w. What is the tens digit of (i/(-64))/(1 + 25/(-28))?
7
Suppose -8*w = -g - 6*w + 21965, 5*g = w + 109807. What is the hundreds digit of g?
9
Let q(t) = 1 + 2 + 11*t**2 - 5*t -